{"id":280,"date":"2016-06-13T14:53:14","date_gmt":"2016-06-13T12:53:14","guid":{"rendered":"http:\/\/www.sv-hildburg.de\/?page_id=280"},"modified":"2017-02-07T10:21:21","modified_gmt":"2017-02-07T08:21:21","slug":"gymnastik","status":"publish","type":"page","link":"https:\/\/www.sv-hildburg.de\/?page_id=280","title":{"rendered":"Gymnastik"},"content":{"rendered":"<p>Der SV Hildburg bietet neben Fussball und Tennis auch Gymnastikgruppen an.<\/p>\n<p>Den Mitgliedsantrag k\u00f6nnen Sie sich unter dem folgenden Link herunterladen (PDF) und ausf\u00fcllen:\u00a0<a href=\"https:\/\/www.sv-hildburg.de\/wp-content\/uploads\/2016\/06\/Mitglied_SVH.pdf\">Mitglied_SVH<\/a>.<\/p>\n<p>Geben Sie den Antrag dann einfach bei Ihrer \u00dcbungsleitern oder \u00a0bei ihrem \u00dcbungsleiter ab. Sie k\u00f6nnen den ausgef\u00fcllten Antrag auch gerne gescannt oder per Bild per email an die u,a. Adresse schicken.<\/p>\n<p>Ihr Ansprechpartner f\u00fcr den Bereich Gymnastik ist<\/p>\n<p><strong>Andreas Hoffmann<br \/>\n<\/strong><\/p>\n<p><strong>email: andreas.hoffmann@sv-hildburg.de<\/strong><\/p>\n<p><strong>Tel.: 0151 18434613<\/strong><\/p>\n","protected":false},"excerpt":{"rendered":"<p>Der SV Hildburg bietet neben Fussball und Tennis auch Gymnastikgruppen an. Den Mitgliedsantrag k\u00f6nnen Sie sich unter dem folgenden Link herunterladen (PDF) und ausf\u00fcllen:\u00a0Mitglied_SVH. Geben Sie den Antrag dann einfach bei Ihrer \u00dcbungsleitern oder \u00a0bei ihrem \u00dcbungsleiter ab. Sie k\u00f6nnen &hellip; <a href=\"https:\/\/www.sv-hildburg.de\/?page_id=280\">Weiterlesen <span class=\"meta-nav\">&rarr;<\/span><\/a><\/p>\n","protected":false},"author":1,"featured_media":0,"parent":0,"menu_order":0,"comment_status":"closed","ping_status":"closed","template":"","meta":{"footnotes":""},"class_list":["post-280","page","type-page","status-publish","hentry"],"_links":{"self":[{"href":"https:\/\/www.sv-hildburg.de\/index.php?rest_route=\/wp\/v2\/pages\/280","targetHints":{"allow":["GET"]}}],"collection":[{"href":"https:\/\/www.sv-hildburg.de\/index.php?rest_route=\/wp\/v2\/pages"}],"about":[{"href":"https:\/\/www.sv-hildburg.de\/index.php?rest_route=\/wp\/v2\/types\/page"}],"author":[{"embeddable":true,"href":"https:\/\/www.sv-hildburg.de\/index.php?rest_route=\/wp\/v2\/users\/1"}],"replies":[{"embeddable":true,"href":"https:\/\/www.sv-hildburg.de\/index.php?rest_route=%2Fwp%2Fv2%2Fcomments&post=280"}],"version-history":[{"count":4,"href":"https:\/\/www.sv-hildburg.de\/index.php?rest_route=\/wp\/v2\/pages\/280\/revisions"}],"predecessor-version":[{"id":319,"href":"https:\/\/www.sv-hildburg.de\/index.php?rest_route=\/wp\/v2\/pages\/280\/revisions\/319"}],"wp:attachment":[{"href":"https:\/\/www.sv-hildburg.de\/index.php?rest_route=%2Fwp%2Fv2%2Fmedia&parent=280"}],"curies":[{"name":"wp","href":"https:\/\/api.w.org\/{rel}","templated":true}]}}