{"id":284,"date":"2016-06-13T15:02:35","date_gmt":"2016-06-13T13:02:35","guid":{"rendered":"http:\/\/www.sv-hildburg.de\/?page_id=284"},"modified":"2025-08-02T10:55:33","modified_gmt":"2025-08-02T08:55:33","slug":"bodystyling","status":"publish","type":"page","link":"https:\/\/www.sv-hildburg.de\/?page_id=284","title":{"rendered":"Step-Aerobic"},"content":{"rendered":"<p>Mit dem Step-Aerobic Kurs wird ein energiegeladenes Workout entstehen, welches durch Musik begleitet wird. Hierbei soll die Koordination, Ausdauer und Muskelkraft geschult werden. Es werden einfache bis schwere Schrittfolgen mit unterschiedlicher Intensit\u00e4t angeboten, sodass f\u00fcr jeden etwas dabei ist. Gerne d\u00fcrfen auch eigene Gewichte mitgenommen werden (Hanteln etc.)<\/p>\n<p>Dieser vom SV Hildburg neu angebotenen Kurs richtet sich an alle die Ihre Figur verbessern m\u00f6chten und ist sowohl f\u00fcr Anf\u00e4nger wie auch Fortgeschrittene geeignet, da die Intensit\u00e4t der \u00dcbungen individuell ver\u00e4ndert werden kann. Bei dem Kurs verliert man mit Leichtigkeit \u00fcberfl\u00fcssige Pfunde, und es wird nicht langweilig, da das Training immer wieder variiert.<\/p>\n<p>Der Kurs findet <strong>ab dem 01. September 2025<\/strong> immer <strong>Montags, um 17.15 Uhr in der Turnhalle Elkenroth<\/strong> statt. Eine Anmeldung zum Kurs ist nicht notwendig. Einfach vorbeikommen.<\/p>\n<p>Auch Nichtmitglieder sind herzlich eingeladen den Kurs unter der Leitung von Lina G\u00f6ttert kennenzulernen.<\/p>\n<p>Weitere Informationen gibt\u2019s auf Anfrage direkt bei Lina G\u00f6ttert unter 0176 46558478\u202c .<\/p>\n","protected":false},"excerpt":{"rendered":"<p>Mit dem Step-Aerobic Kurs wird ein energiegeladenes Workout entstehen, welches durch Musik begleitet wird. Hierbei soll die Koordination, Ausdauer und Muskelkraft geschult werden. Es werden einfache bis schwere Schrittfolgen mit unterschiedlicher Intensit\u00e4t angeboten, sodass f\u00fcr jeden etwas dabei ist. Gerne &hellip; <a href=\"https:\/\/www.sv-hildburg.de\/?page_id=284\">Weiterlesen <span class=\"meta-nav\">&rarr;<\/span><\/a><\/p>\n","protected":false},"author":1,"featured_media":0,"parent":280,"menu_order":0,"comment_status":"closed","ping_status":"closed","template":"","meta":{"footnotes":""},"class_list":["post-284","page","type-page","status-publish","hentry"],"_links":{"self":[{"href":"https:\/\/www.sv-hildburg.de\/index.php?rest_route=\/wp\/v2\/pages\/284","targetHints":{"allow":["GET"]}}],"collection":[{"href":"https:\/\/www.sv-hildburg.de\/index.php?rest_route=\/wp\/v2\/pages"}],"about":[{"href":"https:\/\/www.sv-hildburg.de\/index.php?rest_route=\/wp\/v2\/types\/page"}],"author":[{"embeddable":true,"href":"https:\/\/www.sv-hildburg.de\/index.php?rest_route=\/wp\/v2\/users\/1"}],"replies":[{"embeddable":true,"href":"https:\/\/www.sv-hildburg.de\/index.php?rest_route=%2Fwp%2Fv2%2Fcomments&post=284"}],"version-history":[{"count":5,"href":"https:\/\/www.sv-hildburg.de\/index.php?rest_route=\/wp\/v2\/pages\/284\/revisions"}],"predecessor-version":[{"id":608,"href":"https:\/\/www.sv-hildburg.de\/index.php?rest_route=\/wp\/v2\/pages\/284\/revisions\/608"}],"up":[{"embeddable":true,"href":"https:\/\/www.sv-hildburg.de\/index.php?rest_route=\/wp\/v2\/pages\/280"}],"wp:attachment":[{"href":"https:\/\/www.sv-hildburg.de\/index.php?rest_route=%2Fwp%2Fv2%2Fmedia&parent=284"}],"curies":[{"name":"wp","href":"https:\/\/api.w.org\/{rel}","templated":true}]}}